ons digit of 4056042643?
4
What is the thousands digit of 122767300?
7
What is the units digit of 126723148?
8
What is the units digit of 179394849?
9
What is the hundreds digit of 123229287?
2
What is the millions digit of 347700907?
7
What is the thousands digit of 7480651?
0
What is the ten thousands digit of 10457257?
5
What is the units digit of 38174211?
1
What is the ten thousands digit of 851849713?
4
What is the ten millions digit of 200940172?
0
What is the hundred thousands digit of 125150846?
1
What is the tens digit of 5236934650?
5
What is the hundred thousands digit of 914504369?
5
What is the thousands digit of 89888555?
8
What is the units digit of 533262720?
0
What is the millions digit of 157315414?
7
What is the hundred thousands digit of 404991056?
9
What is the ten thousands digit of 501413833?
1
What is the hundreds digit of 297168053?
0
What is the hundred millions digit of 1415090233?
4
What is the ten thousands digit of 251104818?
0
What is the ten thousands digit of 9360432?
6
What is the hundred thousands digit of 4080457493?
4
What is the tens digit of 183841363?
6
What is the hundred thousands digit of 47403804?
4
What is the ten millions digit of 273903656?
7
What is the tens digit of 626265071?
7
What is the units digit of 9604880?
0
What is the hundred thousands digit of 872399069?
3
What is the ten millions digit of 66237772?
6
What is the ten thousands digit of 47091818?
9
What is the hundred thousands digit of 7061804730?
8
What is the billions digit of 1795839736?
1
What is the hundred millions digit of 350553604?
3
What is the hundred millions digit of 120366756?
1
What is the millions digit of 243859721?
3
What is the hundreds digit of 29171838?
8
What is the millions digit of 197693281?
7
What is the tens digit of 20775366?
6
What is the tens digit of 4781758?
5
What is the ten thousands digit of 30470456?
7
What is the thousands digit of 343426255?
6
What is the ten thousands digit of 230820143?
2
What is the hundreds digit of 239699538?
5
What is the thousands digit of 1008755685?
5
What is the tens digit of 202567930?
3
What is the millions digit of 1166298?
1
What is the millions digit of 207019507?
7
What is the units digit of 195816213?
3
What is the ten thousands digit of 140552416?
5
What is the hundred thousands digit of 30501451?
5
What is the hundreds digit of 12622056?
0
What is the units digit of 2073436477?
7
What is the units digit of 1763178388?
8
What is the thousands digit of 9935419?
5
What is the thousands digit of 60341311?
1
What is the hundred millions digit of 400528998?
4
What is the ten thousands digit of 22565496?
6
What is the ten millions digit of 2208938257?
0
What is the hundred millions digit of 1764348623?
7
What is the units digit of 3305337018?
8
What is the thousands digit of 20726235?
6
What is the hundreds digit of 1425601?
6
What is the ten millions digit of 60690148?
6
What is the ten millions digit of 21901254?
2
What is the ten thousands digit of 52012465?
1
What is the millions digit of 75111214?
5
What is the hundred thousands digit of 3603168688?
1
What is the millions digit of 78354435?
8
What is the units digit of 2978792610?
0
What is the ten millions digit of 56657024?
5
What is the units digit of 19287636?
6
What is the hundreds digit of 46698925?
9
What is the hundreds digit of 1083209055?
0
What is the units digit of 3311386491?
1
What is the ten thousands digit of 81873076?
7
What is the tens digit of 802414083?
8
What is the millions digit of 330927284?
0
What is the ten thousands digit of 14555013?
5
What is the hundred thousands digit of 500683537?
6
What is the hundred millions digit of 218604075?
2
What is the millions digit of 68598881?
8
What is the hundred thousands digit of 357105528?
1
What is the thousands digit of 46370555?
0
What is the millions digit of 57197211?
7
What is the units digit of 56662293?
3
What is the hundred thousands digit of 3984725?
9
What is the ten thousands digit of 58530827?
3
What is the hundreds digit of 339865850?
8
What is the ten millions digit of 778159539?
7
What is the thousands digit of 1416891562?
1
What is the ten millions digit of 2237082156?
3
What is the units digit of 17808618?
8
What is the hundreds digit of 397802472?
4
What is the ten thousands digit of 14071377?
7
What is the tens digit of 32352140?
4
What is the millions digit of 53296746?
3
What is the hundreds digit of 215554358?
3
What is the ten thousands digit of 1740230983?
3
What is the billions digit of 1425372514?
1
What is the thousands digit of 66776609?
6
What is the hundreds digit of 255645200?
2
What is the hundreds digit of 354854258?
2
What is the tens digit of 189872447?
4
What is the hundreds digit of 426388940?
9
What is the hundred millions digit of 1759323735?
7
What is the hundred thousands digit of 121293359?
2
What is the ten thousands digit of 799928543?
2
What is the hundreds digit of 25921525?
5
What is the thousands digit of 29642746?
2
What is the hundred thousands digit of 344934715?
9
What is the ten thousands digit of 13733623?
3
What is the ten thousands digit of 17409929?
0
What is the ten millions digit of 1267150219?
6
What is the ten millions digit of 161563645?
6
What is the millions digit of 613562220?
3
What is the tens digit of 52195766?
6
What is the tens digit of 123809075?
7
What is the tens digit of 1291635333?
3
What is the ten thousands digit of 120161047?
6
What is the hundreds digit of 8392956?
9
What is the billions digit of 6213907224?
6
What is the hundreds digit of 638478917?
9
What is the thousands digit of 54752423?
2
What is the millions digit of 33581224?
3
What is the hundreds digit of 89104879?
8
What is the hundreds digit of 1423538430?
4
What is the hundred millions digit of 485361588?
4
What is the hundreds digit of 33803391?
3
What is the millions digit of 33864979?
3
What is the millions digit of 3558047179?
8
What is the thousands digit of 3245869?
5
What is the ten thousands digit of 86677534?
7
What is the hundred thousands digit of 346866163?
8
What is the ten thousands digit of 364532719?
3
What is the millions digit of 177531464?
7
What is the units digit of 121153788?
8
What is the thousands digit of 328100197?
0
What is the tens digit of 4563244174?
7
What is the ten thousands digit of 198300?
9
What is the millions digit of 388102787?
8
What is the hundred thousands digit of 65043547?
0
What is the thousands digit of 2135442?
5
What is the hundred millions digit of 411582358?
4
What is the hundred thousands digit of 1924895295?
8
What is the ten thousands digit of 867605371?
0
What is the tens digit of 118813079?
7
What is the units digit of 29938984?
4
What is the hundred millions digit of 832513215?
8
What is the tens digit of 415988119?
1
What is the hundred thousands digit of 1869740895?
7
What is the ten thousands digit of 598193206?
9
What is the millions digit of 175741391?
5
What is the ten millions digit of 469709621?
6
What is the thousands digit of 2377024173?
4
What is the hundred thousands digit of 5977462770?
4
What is the ten thousands digit of 71974011?
7
What is the thousands digit of 2933389214?
9
What is the tens digit of 117887952?
5
What is the hundred thousands digit of 618545510?
5
What is the hundreds digit of 175528060?
0
What is the ten thousands digit of 69187544?
8
What is the units digit of 319023725?
5
What is the hundred thousands digit of 212887500?
8
What is the millions digit of 1369777077?
9
What is the ten millions digit of 24190310?
2
What is the units digit of 41963079?
9
What is the millions digit of 146195124?
6
What is the ten thousands digit of 309070277?
7
What is the hundred thousands digit of 324408227?
4
What is the tens digit of 7559453?
5
What is the hundreds digit of 296179938?
9
What is the millions digit of 1801305402?
1
What is the millions digit of 67930335?
7
What is the hundreds digit of 659699089?
0
What is the hundred millions digit of 707444119?
7
What is the units digit of 1538367104?
4
What is the units digit of 561517478?
8
What is the millions digit of 724927132?
4
What is the tens digit of 43758690?
9
What is the ten thousands digit of 2538315411?
1
What is the thousands digit of 2980938410?
8
What is the ten